 the remainder when 987189 is divided by 18?
15
Calculate the remainder when 1644869 is divided by 1942.
1937
What is the remainder when 2812 is divided by 56?
12
What is the remainder when 915911 is divided by 18?
17
What is the remainder when 2748 is divided by 437?
126
Calculate the remainder when 47583 is divided by 206.
203
What is the remainder when 74766 is divided by 93?
87
What is the remainder when 65155 is divided by 918?
895
Calculate the remainder when 14739 is divided by 13.
10
Calculate the remainder when 50208 is divided by 3580.
88
What is the remainder when 2809925 is divided by 522?
521
What is the remainder when 84492 is divided by 84490?
2
What is the remainder when 2363 is divided by 2324?
39
What is the remainder when 13391 is divided by 141?
137
What is the remainder when 3147613 is divided by 17?
12
Calculate the remainder when 15064 is divided by 175.
14
Calculate the remainder when 287792 is divided by 337.
331
What is the remainder when 20153 is divided by 19?
13
Calculate the remainder when 39924 is divided by 167.
11
What is the remainder when 15117 is divided by 343?
25
What is the remainder when 12611 is divided by 563?
225
Calculate the remainder when 12578 is divided by 70.
48
Calculate the remainder when 26796 is divided by 412.
16
What is the remainder when 23922 is divided by 5978?
10
Calculate the remainder when 38778 is divided by 54.
6
What is the remainder when 36171 is divided by 9039?
15
What is the remainder when 1370 is divided by 628?
114
What is the remainder when 39473 is divided by 476?
441
What is the remainder when 14374 is divided by 1595?
19
What is the remainder when 14577 is divided by 14345?
232
Calculate the remainder when 13430445 is divided by 2064.
2061
Calculate the remainder when 1766084 is divided by 77.
12
What is the remainder when 57319 is divided by 78?
67
What is the remainder when 23804 is divided by 5949?
8
What is the remainder when 298 is divided by 199?
99
What is the remainder when 973620 is divided by 486803?
14
Calculate the remainder when 3315 is divided by 3314.
1
What is the remainder when 1126781 is divided by 33?
29
What is the remainder when 117718 is divided by 20?
18
What is the remainder when 1074 is divided by 145?
59
What is the remainder when 122784 is divided by 145?
114
What is the remainder when 112317 is divided by 12?
9
What is the remainder when 8364 is divided by 2722?
198
Calculate the remainder when 42880 is divided by 49.
5
Calculate the remainder when 779 is divided by 132.
119
Calculate the remainder when 3437 is divided by 857.
9
Calculate the remainder when 534888 is divided by 178.
176
Calculate the remainder when 301496 is divided by 104.
0
Calculate the remainder when 15482 is divided by 335.
72
Calculate the remainder when 7948 is divided by 16.
12
Calculate the remainder when 319710 is divided by 214.
208
Calculate the remainder when 1373 is divided by 552.
269
Calculate the remainder when 4690 is divided by 4663.
27
Calculate the remainder when 1311873 is divided by 874.
873
What is the remainder when 74789 is divided by 1267?
36
Calculate the remainder when 104419 is divided by 27.
10
Calculate the remainder when 2179 is divided by 26.
21
What is the remainder when 5810 is divided by 48?
2
Calculate the remainder when 7298 is divided by 1488.
1346
Calculate the remainder when 38018 is divided by 339.
50
What is the remainder when 2088991 is divided by 39?
34
Calculate the remainder when 10735 is divided by 5304.
127
What is the remainder when 4689 is divided by 276?
273
Calculate the remainder when 20837 is divided by 40.
37
Calculate the remainder when 358399 is divided by 350.
349
Calculate the remainder when 311 is divided by 181.
130
What is the remainder when 12003 is divided by 266?
33
Calculate the remainder when 2483 is divided by 1216.
51
What is the remainder when 15942 is divided by 29?
21
What is the remainder when 181817 is divided by 259?
258
What is the remainder when 3381 is divided by 994?
399
What is the remainder when 2448 is divided by 487?
13
Calculate the remainder when 72593 is divided by 1449.
143
What is the remainder when 12434 is divided by 112?
2
Calculate the remainder when 1723391 is divided by 352.
351
Calculate the remainder when 8586 is divided by 1711.
31
What is the remainder when 441 is divided by 367?
74
What is the remainder when 289666 is divided by 606?
604
Calculate the remainder when 484529 is divided by 172.
5
Calculate the remainder when 13312 is divided by 4426.
34
Calculate the remainder when 8054 is divided by 4008.
38
What is the remainder when 3788 is divided by 82?
16
Calculate the remainder when 22264 is divided by 61.
60
Calculate the remainder when 10300 is divided by 28.
24
Calculate the remainder when 367336 is divided by 923.
905
What is the remainder when 6532 is divided by 3265?
2
Calculate the remainder when 55905 is divided by 786.
99
Calculate the remainder when 1355 is divided by 629.
97
What is the remainder when 640 is divided by 398?
242
Calculate the remainder when 85253 is divided by 1674.
1553
Calculate the remainder when 535 is divided by 454.
81
What is the remainder when 546785 is divided by 21030?
5
What is the remainder when 50239 is divided by 7176?
7
What is the remainder when 86334 is divided by 76?
74
What is the remainder when 6823 is divided by 309?
25
Calculate the remainder when 605349 is divided by 30.
9
What is the remainder when 5256 is divided by 3?
0
Calculate the remainder when 245182 is divided by 165.
157
Calculate the remainder when 3233 is divided by 1572.
89
What is the remainder when 1962829 is divided by 8?
5
What is the remainder when 794121 is divided by 513?
510
What is the remainder when 10259 is divided by 1281?
11
Calculate the remainder when 3446 is divided by 3247.
199
Calculate the remainder when 29096 is divided by 6.
2
Calculate the remainder when 6964 is divided by 1675.
264
What is the remainder when 57490 is divided by 57474?
16
Calculate the remainder when 69085 is divided by 141.
136
What is the remainder when 13263 is divided by 707?
537
Calculate the remainder when 68915 is divided by 55.
0
Calculate the remainder when 117595 is divided by 700.
695
Calculate the remainder when 3694 is divided by 3608.
86
Calculate the remainder when 804 is divided by 21.
6
Calculate the remainder when 68 is divided by 16.
4
Calculate the remainder when 7738 is divided by 88.
82
What is the remainder when 20886 is divided by 173?
126
Calculate the remainder when 53315 is divided by 17766.
17
What is the remainder when 61056 is divided by 3213?
9
What is the remainder when 38172 is divided by 56?
36
What is the remainder when 197 is divided by 191?
6
What is the remainder when 2639 is divided by 269?
218
What is the remainder when 1581 is divided by 418?
327
Calculate the remainder when 141847 is divided by 30.
7
What is the remainder when 14626 is divided by 225?
1
What is the remainder when 13679 is divided by 349?
68
What is the remainder when 28407 is divided by 11?
5
What is the remainder when 6063 is divided by 14?
1
What is the remainder when 228647 is divided by 21?
20
What is the remainder when 4298521 is divided by 1225?
1221
Calculate the remainder when 67456 is divided by 22481.
13
What is the remainder when 22380 is divided by 3727?
18
What is the remainder when 117142 is divided by 1197?
1033
What is the remainder when 2362 is divided by 72?
58
What is the remainder when 738560 is divided by 71?
18
What is the remainder when 131612 is divided by 43858?
38
What is the remainder when 287451 is divided by 556?
555
What is the remainder when 11144 is divided by 333?
155
Calculate the remainder when 86015 is divided by 53.
49
What is the remainder when 6954 is divided by 267?
12
What is the remainder when 697 is divided by 49?
11
Calculate the remainder when 21322 is divided by 72.
10
Calculate the remainder when 36986 is divided by 12306.
68
Calculate the remainder when 442804 is divided by 55.
54
What is the remainder when 27827 is divided by 56?
51
What is the remainder when 35266 is divided by 17570?
126
What is the remainder when 3422 is divided by 817?
154
What is the remainder when 127561 is divided by 1276?
1237
Calculate t